{"id":395,"date":"2025-11-09T21:58:51","date_gmt":"2025-11-09T21:58:51","guid":{"rendered":"https:\/\/escuelateologica.cl\/?page_id=395"},"modified":"2026-02-07T02:33:29","modified_gmt":"2026-02-07T02:33:29","slug":"diplomados","status":"publish","type":"page","link":"https:\/\/escuelateologica.cl\/?page_id=395","title":{"rendered":"Diplomados"},"content":{"rendered":"\n<div class=\"wp-block-group alignwide is-vertical is-layout-flex wp-container-core-group-is-layout-fe9cc265 wp-block-group-is-layout-flex\">\n<p class=\"has-small-font-size\">En la Escuela de Teolog\u00eda y Posgrado (ETP) creemos que aprender es una forma de servir. Cada diplomado ha sido dise\u00f1ado para fortalecer la fe, el pensamiento cr\u00edtico y la vocaci\u00f3n de quienes desean prepararse con excelencia para el servicio a Dios y a su pr\u00f3jimo.<\/p>\n\n\n\n<p class=\"has-small-font-size\">Nuestros programas integran la formaci\u00f3n b\u00edblica, teol\u00f3gica y pr\u00e1ctica con una profunda dimensi\u00f3n humana y espiritual. A trav\u00e9s del estudio, la reflexi\u00f3n y la acci\u00f3n, buscamos que cada estudiante descubra nuevas herramientas para impactar su comunidad, acompa\u00f1ar con amor y liderar con sabidur\u00eda en los desaf\u00edos del mundo actual.<\/p>\n\n\n\n<p class=\"has-small-font-size\">En la ETP, formarse es responder al llamado de Dios con compromiso, esperanza y pasi\u00f3n por transformar la realidad.<\/p>\n\n\n\n<p class=\"has-text-align-center\"><\/p>\n<\/div>\n\n\n\n<div class=\"wp-block-columns alignwide is-layout-flex wp-container-core-columns-is-layout-28f84493 wp-block-columns-is-layout-flex\">\n<div class=\"wp-block-column is-vertically-aligned-center is-layout-flow wp-block-column-is-layout-flow\">\n<p class=\"has-text-align-center has-text-color has-link-color has-large-font-size wp-elements-bda33ca629f72cd8f1cc0b56dd480bdb\" style=\"color:#590606\"><strong>DIPLOMADOS<\/strong><\/p>\n<\/div>\n<\/div>\n\n\n\n<div class=\"wp-block-columns alignwide is-layout-flex wp-container-core-columns-is-layout-28f84493 wp-block-columns-is-layout-flex\">\n<div class=\"wp-block-column is-layout-flow wp-block-column-is-layout-flow\"><\/div>\n<\/div>\n\n\n\n<div class=\"wp-block-columns alignwide is-layout-flex wp-container-core-columns-is-layout-28f84493 wp-block-columns-is-layout-flex\">\n<div class=\"wp-block-column is-layout-flow wp-block-column-is-layout-flow\">\n<figure class=\"wp-block-image aligncenter size-full is-resized\"><img loading=\"lazy\" decoding=\"async\" width=\"940\" height=\"788\" src=\"https:\/\/escuelateologica.cl\/wp-content\/uploads\/2025\/11\/2.png\" alt=\"\" class=\"wp-image-401\" style=\"width:283px;height:auto\" srcset=\"https:\/\/escuelateologica.cl\/wp-content\/uploads\/2025\/11\/2.png 940w, https:\/\/escuelateologica.cl\/wp-content\/uploads\/2025\/11\/2-300x251.png 300w, https:\/\/escuelateologica.cl\/wp-content\/uploads\/2025\/11\/2-768x644.png 768w\" sizes=\"auto, (max-width: 940px) 100vw, 940px\" \/><\/figure>\n\n\n\n<p class=\"has-text-align-center has-small-font-size\"><strong>Diplomado en Educaci\u00f3n Cristiana Integral<\/strong><\/p>\n\n\n\n<p class=\"has-small-font-size\">Duraci\u00f3n:14 meses<\/p>\n\n\n\n<p class=\"has-small-font-size\">Matr\u00edcula: $10.000<\/p>\n\n\n\n<p class=\"has-small-font-size\">Mensualidad: $25.000<\/p>\n\n\n\n<p class=\"has-text-align-center has-small-font-size\"><a href=\"https:\/\/drive.google.com\/file\/d\/1FkNm8sihxp6Jnc_hUre4yDc464JkfS-G\/view?usp=drive_link\">Descargar Programa Aqu\u00ed<\/a><\/p>\n<\/div>\n\n\n\n<div class=\"wp-block-column is-layout-flow wp-block-column-is-layout-flow\">\n<figure class=\"wp-block-image size-full\"><img loading=\"lazy\" decoding=\"async\" width=\"940\" height=\"788\" src=\"https:\/\/escuelateologica.cl\/wp-content\/uploads\/2025\/11\/3.png\" alt=\"\" class=\"wp-image-402\" srcset=\"https:\/\/escuelateologica.cl\/wp-content\/uploads\/2025\/11\/3.png 940w, https:\/\/escuelateologica.cl\/wp-content\/uploads\/2025\/11\/3-300x251.png 300w, https:\/\/escuelateologica.cl\/wp-content\/uploads\/2025\/11\/3-768x644.png 768w\" sizes=\"auto, (max-width: 940px) 100vw, 940px\" \/><\/figure>\n\n\n\n<p class=\"has-text-align-center has-small-font-size\"><strong>Diplomado en teolog\u00eda<\/strong><\/p>\n\n\n\n<p class=\"has-small-font-size\">Duraci\u00f3n: 1 a\u00f1o<\/p>\n\n\n\n<p class=\"has-small-font-size\">Matr\u00edcula: $10.000<\/p>\n\n\n\n<p class=\"has-small-font-size\">Mensualidad: $25.000<\/p>\n\n\n\n<p class=\"has-text-align-center has-small-font-size\">Descargar Programa Aqu\u00ed<\/p>\n<\/div>\n\n\n\n<div class=\"wp-block-column is-layout-flow wp-block-column-is-layout-flow\">\n<figure class=\"wp-block-image size-full\"><img loading=\"lazy\" decoding=\"async\" width=\"940\" height=\"788\" src=\"https:\/\/escuelateologica.cl\/wp-content\/uploads\/2025\/11\/4.png\" alt=\"\" class=\"wp-image-403\" srcset=\"https:\/\/escuelateologica.cl\/wp-content\/uploads\/2025\/11\/4.png 940w, https:\/\/escuelateologica.cl\/wp-content\/uploads\/2025\/11\/4-300x251.png 300w, https:\/\/escuelateologica.cl\/wp-content\/uploads\/2025\/11\/4-768x644.png 768w\" sizes=\"auto, (max-width: 940px) 100vw, 940px\" \/><\/figure>\n\n\n\n<p class=\"has-text-align-center has-small-font-size\"><strong>Diplomado en Idiomas B\u00edblicos<\/strong><\/p>\n\n\n\n<p class=\"has-small-font-size\">Duraci\u00f3n: 12 meses<\/p>\n\n\n\n<p class=\"has-small-font-size\">Matr\u00edcula: $10.000<\/p>\n\n\n\n<p class=\"has-small-font-size\">Mensualidad: 25.000<\/p>\n\n\n\n<p class=\"has-text-align-center has-small-font-size\"><a href=\"https:\/\/drive.google.com\/file\/d\/1vMEQortSPvI0A3MgouQg24yhxBcmpbe4\/view?usp=drive_link\">Descargar Aqu\u00ed : Programa  Hebreo <\/a><\/p>\n\n\n\n<p class=\"has-text-align-center has-small-font-size\"><a href=\"https:\/\/drive.google.com\/file\/d\/1sAvyyH-PLdQxWPc_7IfhfUHOC6-jT_bp\/view?usp=drive_link\">Descargar Aqu\u00ed : Programa Griego<\/a><\/p>\n<\/div>\n<\/div>\n\n\n\n<div class=\"wp-block-columns alignwide is-layout-flex wp-container-core-columns-is-layout-28f84493 wp-block-columns-is-layout-flex\">\n<div class=\"wp-block-column is-layout-flow wp-block-column-is-layout-flow\"><\/div>\n<\/div>\n\n\n\n<div class=\"wp-block-columns alignwide is-layout-flex wp-container-core-columns-is-layout-28f84493 wp-block-columns-is-layout-flex\">\n<div class=\"wp-block-column is-layout-flow wp-block-column-is-layout-flow\">\n<figure class=\"wp-block-image size-full\"><img loading=\"lazy\" decoding=\"async\" width=\"940\" height=\"788\" src=\"https:\/\/escuelateologica.cl\/wp-content\/uploads\/2025\/11\/5.png\" alt=\"\" class=\"wp-image-404\" srcset=\"https:\/\/escuelateologica.cl\/wp-content\/uploads\/2025\/11\/5.png 940w, https:\/\/escuelateologica.cl\/wp-content\/uploads\/2025\/11\/5-300x251.png 300w, https:\/\/escuelateologica.cl\/wp-content\/uploads\/2025\/11\/5-768x644.png 768w\" sizes=\"auto, (max-width: 940px) 100vw, 940px\" \/><\/figure>\n\n\n\n<p class=\"has-text-align-center has-small-font-size\"><strong>Diplomado en Pastoral Latinoamericana<\/strong><\/p>\n\n\n\n<p class=\"has-small-font-size\">Duraci\u00f3n: 14 meses<\/p>\n\n\n\n<p class=\"has-small-font-size\">Matr\u00edcula: 10.000<\/p>\n\n\n\n<p class=\"has-small-font-size\">Mensualidad: $30.000<\/p>\n\n\n\n<p class=\"has-text-align-center has-small-font-size\"><a href=\"https:\/\/drive.google.com\/file\/d\/1LYJUrPKLuXKHN7uK9mkr8xREtFBdM50w\/view?usp=drive_link\">Descargar Programa Aqu\u00ed<\/a><\/p>\n<\/div>\n\n\n\n<div class=\"wp-block-column is-layout-flow wp-block-column-is-layout-flow\">\n<figure class=\"wp-block-image size-full\"><img loading=\"lazy\" decoding=\"async\" width=\"940\" height=\"788\" src=\"https:\/\/escuelateologica.cl\/wp-content\/uploads\/2025\/11\/6.png\" alt=\"\" class=\"wp-image-405\" srcset=\"https:\/\/escuelateologica.cl\/wp-content\/uploads\/2025\/11\/6.png 940w, https:\/\/escuelateologica.cl\/wp-content\/uploads\/2025\/11\/6-300x251.png 300w, https:\/\/escuelateologica.cl\/wp-content\/uploads\/2025\/11\/6-768x644.png 768w\" sizes=\"auto, (max-width: 940px) 100vw, 940px\" \/><\/figure>\n\n\n\n<p class=\"has-text-align-center has-small-font-size\"><strong>Diplomado en Consejer\u00eda Pastoral<\/strong><\/p>\n\n\n\n<p class=\"has-small-font-size\">Duraci\u00f3n: 12 meses<\/p>\n\n\n\n<p class=\"has-small-font-size\">Matr\u00edcula: 15.000<\/p>\n\n\n\n<p class=\"has-small-font-size\">Mensualidad: $25.000<\/p>\n\n\n\n<p class=\"has-text-align-center has-small-font-size\"><a href=\"https:\/\/drive.google.com\/file\/d\/1pWpvG5nshtYuiMeO3-_ba0C3K3p60fV9\/view?usp=sharing\">Descargar Programa Aqu\u00ed<\/a><\/p>\n<\/div>\n\n\n\n<div class=\"wp-block-column is-layout-flow wp-block-column-is-layout-flow\">\n<figure class=\"wp-block-image size-full\"><img loading=\"lazy\" decoding=\"async\" width=\"940\" height=\"788\" src=\"https:\/\/escuelateologica.cl\/wp-content\/uploads\/2025\/11\/7.png\" alt=\"\" class=\"wp-image-406\" srcset=\"https:\/\/escuelateologica.cl\/wp-content\/uploads\/2025\/11\/7.png 940w, https:\/\/escuelateologica.cl\/wp-content\/uploads\/2025\/11\/7-300x251.png 300w, https:\/\/escuelateologica.cl\/wp-content\/uploads\/2025\/11\/7-768x644.png 768w\" sizes=\"auto, (max-width: 940px) 100vw, 940px\" \/><\/figure>\n\n\n\n<p class=\"has-text-align-center has-small-font-size\"><strong>Diplomado en Mujer, Fe y Liderazgo<\/strong><\/p>\n\n\n\n<p class=\"has-small-font-size\">Duraci\u00f3n: 10 meses<\/p>\n\n\n\n<p class=\"has-small-font-size\">Matr\u00edcula: 10.000<\/p>\n\n\n\n<p class=\"has-small-font-size\">Mensualidad: $20.000<\/p>\n\n\n\n<p class=\"has-text-align-center has-small-font-size\"><a href=\"https:\/\/drive.google.com\/file\/d\/1JRHEFX4v4qnu-ijIil5ueWEUgol8RSJO\/view?usp=drive_link\">Descargar Programa Aqu\u00ed<\/a><\/p>\n<\/div>\n<\/div>\n\n\n\n<div class=\"wp-block-columns alignwide is-layout-flex wp-container-core-columns-is-layout-28f84493 wp-block-columns-is-layout-flex\">\n<div class=\"wp-block-column is-layout-flow wp-block-column-is-layout-flow\"><\/div>\n<\/div>\n\n\n\n<div class=\"wp-block-columns alignwide is-layout-flex wp-container-core-columns-is-layout-28f84493 wp-block-columns-is-layout-flex\">\n<div class=\"wp-block-column is-layout-flow wp-block-column-is-layout-flow\">\n<figure class=\"wp-block-image size-full\"><img loading=\"lazy\" decoding=\"async\" width=\"940\" height=\"788\" src=\"https:\/\/escuelateologica.cl\/wp-content\/uploads\/2025\/11\/8.png\" alt=\"\" class=\"wp-image-407\" srcset=\"https:\/\/escuelateologica.cl\/wp-content\/uploads\/2025\/11\/8.png 940w, https:\/\/escuelateologica.cl\/wp-content\/uploads\/2025\/11\/8-300x251.png 300w, https:\/\/escuelateologica.cl\/wp-content\/uploads\/2025\/11\/8-768x644.png 768w\" sizes=\"auto, (max-width: 940px) 100vw, 940px\" \/><\/figure>\n\n\n\n<p class=\"has-text-align-center has-small-font-size\"><strong>Diplomado en Liderazgo musical para Iglesias<\/strong><\/p>\n\n\n\n<p>Duraci\u00f3n: 36 semanas<\/p>\n\n\n\n<p class=\"has-small-font-size\">Matr\u00edcula: $15.000<\/p>\n\n\n\n<p class=\"has-small-font-size\">Mensualidad: $30.000<\/p>\n\n\n\n<p class=\"has-text-align-center has-small-font-size\"><a href=\"https:\/\/drive.google.com\/file\/d\/1NC-eijEv6vzJ1ODcsb8TBGKDAisrxzeq\/view?usp=drive_link\">Descargar Programa Aqu\u00ed<\/a><\/p>\n<\/div>\n\n\n\n<div class=\"wp-block-column is-layout-flow wp-block-column-is-layout-flow\">\n<figure class=\"wp-block-image size-full\"><img loading=\"lazy\" decoding=\"async\" width=\"940\" height=\"788\" src=\"https:\/\/escuelateologica.cl\/wp-content\/uploads\/2025\/11\/9.png\" alt=\"\" class=\"wp-image-408\" srcset=\"https:\/\/escuelateologica.cl\/wp-content\/uploads\/2025\/11\/9.png 940w, https:\/\/escuelateologica.cl\/wp-content\/uploads\/2025\/11\/9-300x251.png 300w, https:\/\/escuelateologica.cl\/wp-content\/uploads\/2025\/11\/9-768x644.png 768w\" sizes=\"auto, (max-width: 940px) 100vw, 940px\" \/><\/figure>\n\n\n\n<p class=\"has-text-align-center has-small-font-size\"><strong>Diplomado en Liderazgo Prof\u00e9tico y Transformaci\u00f3n desde la Fe<\/strong><\/p>\n\n\n\n<p class=\"has-small-font-size\">Duraci\u00f3n: 10 meses<\/p>\n\n\n\n<p class=\"has-small-font-size\">Matr\u00edcula: $15.000<\/p>\n\n\n\n<p class=\"has-small-font-size\">Mensualidad:  $30.000<\/p>\n\n\n\n<p class=\"has-text-align-center has-small-font-size\"><a href=\"https:\/\/drive.google.com\/file\/d\/1HSVHHU8EakFB9oKlTxqjsfos1xsLZi6r\/view?usp=drive_link\">Descargar Programa Aqu\u00ed<\/a><\/p>\n<\/div>\n\n\n\n<div class=\"wp-block-column is-layout-flow wp-block-column-is-layout-flow\">\n<figure class=\"wp-block-image size-full\"><img loading=\"lazy\" decoding=\"async\" width=\"940\" height=\"788\" src=\"https:\/\/escuelateologica.cl\/wp-content\/uploads\/2025\/11\/10.png\" alt=\"\" class=\"wp-image-411\" srcset=\"https:\/\/escuelateologica.cl\/wp-content\/uploads\/2025\/11\/10.png 940w, https:\/\/escuelateologica.cl\/wp-content\/uploads\/2025\/11\/10-300x251.png 300w, https:\/\/escuelateologica.cl\/wp-content\/uploads\/2025\/11\/10-768x644.png 768w\" sizes=\"auto, (max-width: 940px) 100vw, 940px\" \/><\/figure>\n\n\n\n<p class=\"has-text-align-center has-small-font-size\"><strong>Diplomado  en Eco-Teolog\u00eda<\/strong><\/p>\n\n\n\n<p class=\"has-small-font-size\">Duraci\u00f3n: 2 meses<\/p>\n\n\n\n<p class=\"has-small-font-size\">Matr\u00edcula: 15.000<\/p>\n\n\n\n<p class=\"has-small-font-size\">Mensualidad: $25.000<\/p>\n\n\n\n<p class=\"has-text-align-center has-small-font-size\"><a href=\"https:\/\/drive.google.com\/file\/d\/1wt8UwTGg9vldALmhvUUnN61NCnYxsqUg\/view?usp=drive_link\">Descargar Programa Aqu\u00ed<\/a><\/p>\n<\/div>\n<\/div>\n\n\n\n<div class=\"wp-block-columns alignwide is-layout-flex wp-container-core-columns-is-layout-28f84493 wp-block-columns-is-layout-flex\">\n<div class=\"wp-block-column is-layout-flow wp-block-column-is-layout-flow\"><\/div>\n<\/div>\n\n\n\n<div class=\"wp-block-columns is-layout-flex wp-container-core-columns-is-layout-28f84493 wp-block-columns-is-layout-flex\">\n<div class=\"wp-block-column is-layout-flow wp-block-column-is-layout-flow\"><\/div>\n\n\n\n<div class=\"wp-block-column is-layout-flow wp-block-column-is-layout-flow\"><\/div>\n<\/div>\n\n\n\n<div class=\"wp-block-columns is-layout-flex wp-container-core-columns-is-layout-28f84493 wp-block-columns-is-layout-flex\">\n<div class=\"wp-block-column is-layout-flow wp-block-column-is-layout-flow\">\n<p class=\"has-text-align-center has-small-font-size\"><strong>Formulario de Admisi\u00f3n 2026<\/strong><\/p>\n\n\n\n<figure class=\"wp-block-image aligncenter size-full is-resized\"><a href=\"https:\/\/forms.gle\/eJCa3x9k7aBS8jVAA\"><img loading=\"lazy\" decoding=\"async\" width=\"456\" height=\"500\" src=\"https:\/\/escuelateologica.cl\/wp-content\/uploads\/2025\/11\/formulario-burdeo-1.png\" alt=\"\" class=\"wp-image-203\" style=\"width:75px;height:auto\" srcset=\"https:\/\/escuelateologica.cl\/wp-content\/uploads\/2025\/11\/formulario-burdeo-1.png 456w, https:\/\/escuelateologica.cl\/wp-content\/uploads\/2025\/11\/formulario-burdeo-1-274x300.png 274w\" sizes=\"auto, (max-width: 456px) 100vw, 456px\" \/><\/a><\/figure>\n\n\n\n<p class=\"has-text-align-center has-small-font-size\"><strong><a href=\"https:\/\/forms.gle\/eJCa3x9k7aBS8jVAA\">Matricula Aqu\u00ed<\/a><\/strong><\/p>\n\n\n\n<div class=\"wp-block-columns is-layout-flex wp-container-core-columns-is-layout-28f84493 wp-block-columns-is-layout-flex\">\n<div class=\"wp-block-column is-layout-flow wp-block-column-is-layout-flow\">\n<p class=\"has-text-align-center has-small-font-size\">Los cursos inician con un n\u00famero m\u00ednimo de 8 personas.<\/p>\n<\/div>\n<\/div>\n<\/div>\n\n\n\n<div class=\"wp-block-column is-layout-flow wp-block-column-is-layout-flow\"><\/div>\n<\/div>\n\n\n\n<p><\/p>\n","protected":false},"excerpt":{"rendered":"<p>En la Escuela de Teolog\u00eda y Posgrado (ETP) creemos que aprender es una forma de servir. Cada diplomado ha sido dise\u00f1ado para fortalecer la fe, el pensamiento cr\u00edtico y la vocaci\u00f3n de quienes desean prepararse con excelencia para el servicio a Dios y a su pr\u00f3jimo. Nuestros programas integran la formaci\u00f3n b\u00edblica, teol\u00f3gica y pr\u00e1ctica [&hellip;]<\/p>\n","protected":false},"author":1,"featured_media":0,"parent":10,"menu_order":0,"comment_status":"closed","ping_status":"closed","template":"","meta":{"footnotes":""},"class_list":["post-395","page","type-page","status-publish","hentry"],"_hostinger_reach_plugin_has_subscription_block":false,"_hostinger_reach_plugin_is_elementor":false,"_links":{"self":[{"href":"https:\/\/escuelateologica.cl\/index.php?rest_route=\/wp\/v2\/pages\/395","targetHints":{"allow":["GET"]}}],"collection":[{"href":"https:\/\/escuelateologica.cl\/index.php?rest_route=\/wp\/v2\/pages"}],"about":[{"href":"https:\/\/escuelateologica.cl\/index.php?rest_route=\/wp\/v2\/types\/page"}],"author":[{"embeddable":true,"href":"https:\/\/escuelateologica.cl\/index.php?rest_route=\/wp\/v2\/users\/1"}],"replies":[{"embeddable":true,"href":"https:\/\/escuelateologica.cl\/index.php?rest_route=%2Fwp%2Fv2%2Fcomments&post=395"}],"version-history":[{"count":17,"href":"https:\/\/escuelateologica.cl\/index.php?rest_route=\/wp\/v2\/pages\/395\/revisions"}],"predecessor-version":[{"id":596,"href":"https:\/\/escuelateologica.cl\/index.php?rest_route=\/wp\/v2\/pages\/395\/revisions\/596"}],"up":[{"embeddable":true,"href":"https:\/\/escuelateologica.cl\/index.php?rest_route=\/wp\/v2\/pages\/10"}],"wp:attachment":[{"href":"https:\/\/escuelateologica.cl\/index.php?rest_route=%2Fwp%2Fv2%2Fmedia&parent=395"}],"curies":[{"name":"wp","href":"https:\/\/api.w.org\/{rel}","templated":true}]}}