{"id":435,"date":"2025-11-10T02:01:23","date_gmt":"2025-11-10T02:01:23","guid":{"rendered":"https:\/\/escuelateologica.cl\/?page_id=435"},"modified":"2026-03-31T19:41:06","modified_gmt":"2026-03-31T19:41:06","slug":"maestria-en-teologia-latinoamericana","status":"publish","type":"page","link":"https:\/\/escuelateologica.cl\/?page_id=435","title":{"rendered":"Maestr\u00eda en Teolog\u00eda Latinoamericana"},"content":{"rendered":"\n<figure class=\"wp-block-image aligncenter size-large\"><img loading=\"lazy\" decoding=\"async\" width=\"1024\" height=\"512\" src=\"https:\/\/escuelateologica.cl\/wp-content\/uploads\/2025\/11\/biblias-antiguas-1-1024x512.jpg\" alt=\"\" class=\"wp-image-444\" srcset=\"https:\/\/escuelateologica.cl\/wp-content\/uploads\/2025\/11\/biblias-antiguas-1-1024x512.jpg 1024w, https:\/\/escuelateologica.cl\/wp-content\/uploads\/2025\/11\/biblias-antiguas-1-300x150.jpg 300w, https:\/\/escuelateologica.cl\/wp-content\/uploads\/2025\/11\/biblias-antiguas-1-768x384.jpg 768w, https:\/\/escuelateologica.cl\/wp-content\/uploads\/2025\/11\/biblias-antiguas-1-1536x768.jpg 1536w, https:\/\/escuelateologica.cl\/wp-content\/uploads\/2025\/11\/biblias-antiguas-1-2048x1024.jpg 2048w\" sizes=\"auto, (max-width: 1024px) 100vw, 1024px\" \/><\/figure>\n\n\n\n<div class=\"wp-block-columns alignwide is-layout-flex wp-container-core-columns-is-layout-28f84493 wp-block-columns-is-layout-flex\">\n<div class=\"wp-block-column is-layout-flow wp-block-column-is-layout-flow\" style=\"flex-basis:100%\">\n<p class=\"has-small-font-size\">La formaci\u00f3n teol\u00f3gica en Am\u00e9rica Latina se presenta como un campo vital y en constante evoluci\u00f3n, que busca interpretar la Biblia y sus ense\u00f1anzas a trav\u00e9s de las realidades sociales, culturales y pol\u00edticas del continente. Este enfoque es fundamental para aquellos que desean formarse profesionalmente en el estudio teol\u00f3gico, ya que permite una comprensi\u00f3n m\u00e1s profunda y contextualizada de los textos sagrados y su aplicaci\u00f3n en la vida cotidiana de las comunidades latinoamericanas.<\/p>\n\n\n\n<p class=\"has-foreground-color has-text-color has-link-color has-small-font-size wp-elements-da77d230de87af289fa0b74531af79ab\"><br><strong>Duraci\u00f3n: <\/strong>2 a\u00f1os<\/p>\n\n\n\n<p class=\"has-foreground-color has-text-color has-link-color has-small-font-size wp-elements-b798d56389550f9c3b150a9814baa4ee\"><strong>Modalidad:<\/strong> Virtual Sincr\u00f3nica y Asincr\u00f3nica<\/p>\n\n\n\n<p class=\"has-foreground-color has-text-color has-link-color has-small-font-size wp-elements-d1c940daaab35d5e9bba171a9d304861\"><strong>Arancel Total del Programa<\/strong>: $3.552.000<\/p>\n\n\n\n<p class=\"has-link-color has-small-font-size wp-elements-62044bfc3d78e71518a1bcff97c988a0\"><strong>Arancel Anual: <\/strong>$ 1.911.000<\/p>\n\n\n\n<p class=\"has-foreground-color has-text-color has-link-color has-small-font-size wp-elements-5ad5e996c5913bc6d8dae675b806acfc\"><strong>Matr\u00edcula Anual<\/strong>: $85.000<\/p>\n\n\n\n<p class=\"has-foreground-color has-text-color has-link-color has-small-font-size wp-elements-310ac4e3cc6b0758fcaf94f6e78fd23b\"><strong>Admisi\u00f3n Anual:<\/strong> $50.000<\/p>\n\n\n\n<p class=\"has-link-color has-small-font-size wp-elements-cbc40143bd454164e21bddea28d2bb87\"><strong>Cuota Mensual:<\/strong> $148.000<\/p>\n<\/div>\n<\/div>\n\n\n\n<div class=\"wp-block-columns alignwide is-layout-flex wp-container-core-columns-is-layout-28f84493 wp-block-columns-is-layout-flex\">\n<div class=\"wp-block-column is-layout-flow wp-block-column-is-layout-flow\"><\/div>\n<\/div>\n\n\n\n<div class=\"wp-block-columns alignwide is-layout-flex wp-container-core-columns-is-layout-28f84493 wp-block-columns-is-layout-flex\">\n<div class=\"wp-block-column is-layout-flow wp-block-column-is-layout-flow\">\n<p class=\"has-text-color has-link-color wp-elements-af980d617602548cc6d63f6b3f627385\" style=\"color:#6e0808\"><strong>Objetivo General<\/strong><\/p>\n\n\n\n<p class=\"has-medium-font-size\">Formar l\u00edderes teol\u00f3gicos y agentes pastorales con una profunda comprensi\u00f3n cr\u00edtica del contexto latinoamericano, capaces de proponer respuestas b\u00edblicas, teol\u00f3gicas y \u00e9ticas a los desaf\u00edos contempor\u00e1neos desde una perspectiva liberadora e integral.<\/p>\n\n\n\n<p>Existen Becas a las que usted puede postular:<\/p>\n\n\n\n<p class=\"has-text-color has-link-color wp-elements-6ec90e3bafde952c37700a6e7a9c5551\" style=\"color:#750f0f\"><strong>Beca para Egresados ETP<\/strong><\/p>\n\n\n\n<p class=\"has-text-color has-link-color wp-elements-6a922ca52035449378dc60f233ca863c\" style=\"color:#7c0e0e\"><strong>Beca de Excelencia Acad\u00e9mica ETP<\/strong><\/p>\n\n\n\n<p class=\"has-text-color has-link-color wp-elements-f8294ba76a4304a6bb3e42d86a18b5ea\" style=\"color:#6e0b0b\"><strong>Beca Vocacional ETP<\/strong><\/p>\n\n\n\n<p class=\"has-text-align-center\"><strong>Informaci\u00f3n Becas ETP<\/strong><\/p>\n\n\n\n<figure class=\"wp-block-image aligncenter size-full is-resized\"><a href=\"https:\/\/drive.google.com\/file\/d\/1tbze2J1vrNiJYTBLPnzwqnsIUdHhJe6m\/view?usp=sharing\"><img loading=\"lazy\" decoding=\"async\" width=\"512\" height=\"512\" src=\"https:\/\/escuelateologica.cl\/wp-content\/uploads\/2026\/03\/hojas-de-papel.webp\" alt=\"\" class=\"wp-image-642\" style=\"width:102px;height:auto\" srcset=\"https:\/\/escuelateologica.cl\/wp-content\/uploads\/2026\/03\/hojas-de-papel.webp 512w, https:\/\/escuelateologica.cl\/wp-content\/uploads\/2026\/03\/hojas-de-papel-300x300.webp 300w, https:\/\/escuelateologica.cl\/wp-content\/uploads\/2026\/03\/hojas-de-papel-150x150.webp 150w\" sizes=\"auto, (max-width: 512px) 100vw, 512px\" \/><\/a><\/figure>\n\n\n\n<p class=\"has-text-align-center\"><strong><a href=\"https:\/\/drive.google.com\/file\/d\/1tbze2J1vrNiJYTBLPnzwqnsIUdHhJe6m\/view?usp=sharing\">Descargar<\/a><\/strong><\/p>\n<\/div>\n\n\n\n<div class=\"wp-block-column is-layout-flow wp-block-column-is-layout-flow\">\n<p class=\"has-text-color has-link-color wp-elements-dc279d7b58d52ac10972781caf46f9c1\" style=\"color:#740606\"><strong>Requisitos:<\/strong><\/p>\n\n\n\n<p>Para postularse a la Maestr\u00eda en Teolog\u00eda<br>Latinoamericana, se requiere:<\/p>\n\n\n\n<p class=\"has-medium-font-size\">1. T\u00edtulo universitario de grado (bachillerato o licenciatura) en Teolog\u00eda o en \u00e1reas afines (ciencias sociales, humanidades, educaci\u00f3n, etc.).<\/p>\n\n\n\n<p class=\"has-medium-font-size\">2. Curr\u00edculum vitae actualizado.<\/p>\n\n\n\n<p class=\"has-medium-font-size\">3. Carta de motivaci\u00f3n donde explique las razones por las que desea cursar el Magister.<\/p>\n\n\n\n<p class=\"has-medium-font-size\">4. Dos cartas de recomendaci\u00f3n acad\u00e9mica o pastoral.<\/p>\n\n\n\n<p class=\"has-medium-font-size\">5. Acceso a internet y herramientas digitales b\u00e1sicas para participar en la modalidad virtual.<\/p>\n\n\n\n<p class=\"has-medium-font-size\">6. Participar en una entrevista de admisi\u00f3n con la coordinaci\u00f3n acad\u00e9mica del programa.<br><\/p>\n<\/div>\n<\/div>\n\n\n\n<div class=\"wp-block-columns alignwide is-layout-flex wp-container-core-columns-is-layout-28f84493 wp-block-columns-is-layout-flex\">\n<div class=\"wp-block-column is-layout-flow wp-block-column-is-layout-flow\"><\/div>\n\n\n\n<div class=\"wp-block-column is-layout-flow wp-block-column-is-layout-flow\"><\/div>\n\n\n\n<div class=\"wp-block-column is-layout-flow wp-block-column-is-layout-flow\"><\/div>\n<\/div>\n\n\n\n<div class=\"wp-block-columns is-layout-flex wp-container-core-columns-is-layout-28f84493 wp-block-columns-is-layout-flex\">\n<div class=\"wp-block-column is-layout-flow wp-block-column-is-layout-flow\"><\/div>\n<\/div>\n\n\n\n<div class=\"wp-block-columns alignwide is-layout-flex wp-container-core-columns-is-layout-28f84493 wp-block-columns-is-layout-flex\">\n<div class=\"wp-block-column is-layout-flow wp-block-column-is-layout-flow\">\n<p class=\"has-text-align-center\"><strong>Formulario de Admisi\u00f3n 2026<\/strong><\/p>\n\n\n\n<figure class=\"wp-block-image aligncenter size-full is-resized\"><a href=\"https:\/\/forms.gle\/3yrAuGF6BDWEZzVCA\"><img loading=\"lazy\" decoding=\"async\" width=\"456\" height=\"500\" src=\"https:\/\/escuelateologica.cl\/wp-content\/uploads\/2025\/11\/formulario-burdeo-1.png\" alt=\"\" class=\"wp-image-203\" style=\"width:57px;height:auto\" srcset=\"https:\/\/escuelateologica.cl\/wp-content\/uploads\/2025\/11\/formulario-burdeo-1.png 456w, https:\/\/escuelateologica.cl\/wp-content\/uploads\/2025\/11\/formulario-burdeo-1-274x300.png 274w\" sizes=\"auto, (max-width: 456px) 100vw, 456px\" \/><\/a><\/figure>\n\n\n\n<p class=\"has-text-align-center\"><strong><a href=\"https:\/\/forms.gle\/3yrAuGF6BDWEZzVCA\">Matricula Aqu\u00ed<\/a><\/strong><\/p>\n<\/div>\n\n\n\n<div class=\"wp-block-column is-layout-flow wp-block-column-is-layout-flow\">\n<p class=\"has-text-align-center\"><strong>Programa de la Maestr\u00eda en Teolog\u00eda Latinoamericana<\/strong><\/p>\n\n\n\n<figure class=\"wp-block-image aligncenter size-full is-resized\"><a href=\"https:\/\/drive.google.com\/file\/d\/1yCSz7vkffyI-hm0hE2ygZuzvQLr3Ee8Y\/view?usp=drive_link\"><img loading=\"lazy\" decoding=\"async\" width=\"512\" height=\"512\" src=\"https:\/\/escuelateologica.cl\/wp-content\/uploads\/2025\/11\/programa.png\" alt=\"\" class=\"wp-image-515\" style=\"width:51px;height:auto\" srcset=\"https:\/\/escuelateologica.cl\/wp-content\/uploads\/2025\/11\/programa.png 512w, https:\/\/escuelateologica.cl\/wp-content\/uploads\/2025\/11\/programa-300x300.png 300w, https:\/\/escuelateologica.cl\/wp-content\/uploads\/2025\/11\/programa-150x150.png 150w\" sizes=\"auto, (max-width: 512px) 100vw, 512px\" \/><\/a><\/figure>\n\n\n\n<p class=\"has-text-align-center\"><strong><a href=\"https:\/\/drive.google.com\/file\/d\/1yCSz7vkffyI-hm0hE2ygZuzvQLr3Ee8Y\/view?usp=drive_link\">Descargar Aqu\u00ed<\/a><\/strong><\/p>\n<\/div>\n<\/div>\n\n\n\n<div class=\"wp-block-columns alignwide is-layout-flex wp-container-core-columns-is-layout-28f84493 wp-block-columns-is-layout-flex\">\n<div class=\"wp-block-column is-layout-flow wp-block-column-is-layout-flow\"><\/div>\n\n\n\n<div class=\"wp-block-column is-layout-flow wp-block-column-is-layout-flow\"><\/div>\n<\/div>\n\n\n\n<p>Cualquier consulta puede contar al Pastor Roberto S\u00e1nchez P. <\/p>\n\n\n\n<p>WhatsApp: +56 9 9399 9520<\/p>\n\n\n\n<p>o escribir al correo: info@escuelateologica.cl <\/p>\n\n\n\n<p><\/p>\n","protected":false},"excerpt":{"rendered":"<p>La formaci\u00f3n teol\u00f3gica en Am\u00e9rica Latina se presenta como un campo vital y en constante evoluci\u00f3n, que busca interpretar la Biblia y sus ense\u00f1anzas a trav\u00e9s de las realidades sociales, culturales y pol\u00edticas del continente. Este enfoque es fundamental para aquellos que desean formarse profesionalmente en el estudio teol\u00f3gico, ya que permite una comprensi\u00f3n m\u00e1s [&hellip;]<\/p>\n","protected":false},"author":1,"featured_media":0,"parent":10,"menu_order":0,"comment_status":"closed","ping_status":"closed","template":"","meta":{"footnotes":""},"class_list":["post-435","page","type-page","status-publish","hentry"],"_hostinger_reach_plugin_has_subscription_block":false,"_hostinger_reach_plugin_is_elementor":false,"_links":{"self":[{"href":"https:\/\/escuelateologica.cl\/index.php?rest_route=\/wp\/v2\/pages\/435","targetHints":{"allow":["GET"]}}],"collection":[{"href":"https:\/\/escuelateologica.cl\/index.php?rest_route=\/wp\/v2\/pages"}],"about":[{"href":"https:\/\/escuelateologica.cl\/index.php?rest_route=\/wp\/v2\/types\/page"}],"author":[{"embeddable":true,"href":"https:\/\/escuelateologica.cl\/index.php?rest_route=\/wp\/v2\/users\/1"}],"replies":[{"embeddable":true,"href":"https:\/\/escuelateologica.cl\/index.php?rest_route=%2Fwp%2Fv2%2Fcomments&post=435"}],"version-history":[{"count":14,"href":"https:\/\/escuelateologica.cl\/index.php?rest_route=\/wp\/v2\/pages\/435\/revisions"}],"predecessor-version":[{"id":647,"href":"https:\/\/escuelateologica.cl\/index.php?rest_route=\/wp\/v2\/pages\/435\/revisions\/647"}],"up":[{"embeddable":true,"href":"https:\/\/escuelateologica.cl\/index.php?rest_route=\/wp\/v2\/pages\/10"}],"wp:attachment":[{"href":"https:\/\/escuelateologica.cl\/index.php?rest_route=%2Fwp%2Fv2%2Fmedia&parent=435"}],"curies":[{"name":"wp","href":"https:\/\/api.w.org\/{rel}","templated":true}]}}